-5*v - m + 4*m + 8 = 0, v = 2*m - 4. Calculate the remainder when v is divided by s(7).
0
Suppose -b = 2*s - 33, -4*b - s - 121 = -9*b. Calculate the remainder when 74 is divided by b.
24
What is the remainder when (2 - (-106)/1) + 17/17 is divided by 40?
29
Let j(x) = -x**3 - 10*x**2 + 4*x - 41. Calculate the remainder when 137 is divided by j(-11).
29
Let q = 880 + -865. What is the remainder when 205 is divided by q?
10
Let w = 47 + -35. Suppose n = 4*x - 44, -3*n - w = -x + 10. What is the remainder when 15 is divided by x?
5
What is the remainder when 48 is divided by 5029/141 - (-2)/(-3)?
13
Calculate the remainder when 34 is divided by ((-34)/(-4))/(7*1/14).
0
Let i(y) = -2*y**2 + 6*y + 1581. Calculate the remainder when i(0) is divided by 7.
6
Let y = 447 - 428. Calculate the remainder when 49 is divided by y.
11
Let s = -38 - -53. Let d = 17 + s. Suppose -2*y + d = -2. Calculate the remainder when 49 is divided by y.
15
Let z be 13*-6*10/15. Calculate the remainder when 17 is divided by z/(-6) + ((-119)/21 - -6).
8
What is the remainder when 189 is divided by 18/((9/4)/(21 - 15))?
45
Suppose 40 = -2*i - 3*i. Let j = i - -12. Let m = -9 - -16. What is the remainder when m is divided by j?
3
Let k = -97 + 186. Let v = k - 46. Suppose 98*u - 15 = 97*u. What is the remainder when v is divided by u?
13
Suppose -6*w = 11*w - 833. What is the remainder when w is divided by 4?
1
Calculate the remainder when (92/115)/(2/140) is divided by 34.
22
Let t(p) = p**3 + p**2 + p + 1. Let z be t(4). Suppose -23*c - z = -28*c. Calculate the remainder when 59 is divided by c.
8
Let d(s) = -s + 1. Let l(q) = -66*q + 22. Let m(k) = 33*d(k) - l(k). What is the remainder when m(4) is divided by 29?
27
Suppose -4 + 54 = -5*n. Let m = n - -28. What is the remainder when m is divided by 7?
4
Let u = -4 + 61. Suppose 2*n + 7 = u. Calculate the remainder when n is divided by (-56)/(-4) - 2/2.
12
Suppose 0 = 4*g + z - 179, 2*g = -5*z + 80 - 13. What is the remainder when g is divided by 16?
14
Suppose 0 = -49*k + 3*k - 24 + 944. Suppose 3*h + 5*g - 314 = 0, -g = 4*h - 182 - 214. Calculate the remainder when h is divided by k.
18
Suppose 3*j - 395 = 5*k, 0*j - 3*k + 647 = 5*j. Suppose p + j = 6*p. Calculate the remainder when p is divided by (2 - 26/4)*-2.
8
What is the remainder when 416 is divided by 145/(-10 - (-20 - -9))?
126
Let d(c) = 5*c**3 - 3*c**2 + 17*c - 26. What is the remainder when 464 is divided by d(2)?
32
Suppose -10*o + 1882 = -2578. What is the remainder when o is divided by 28?
26
Let m be (-3)/((60/(-8))/(-5)). Let j be 2/(-4)*m*12. Calculate the remainder when 13 is divided by j/(-24) + (-34)/(-4).
5
What is the remainder when 10/(-8) + -5 + 5071/44 is divided by 43?
23
Suppose 5*p - 2*w = 128 + 45, -4*p + 3*w + 137 = 0. Let k = 32 - 31. Calculate the remainder when p is divided by (k - -21) + 4/(-1).
17
Let w(j) = -j**3 + 20*j**2 - 37*j + 107. What is the remainder when w(18) is divided by 23?
20
Let h(v) = -v**3 + 3*v**2 + 6*v - 6. Let o be h(4). Let a(d) = 3*d + 28 + d**o - 5*d - 35. Calculate the remainder when a(6) is divided by 5.
2
Let p = 1061 - 920. Calculate the remainder when p is divided by 3.
0
Let d(r) = r**3 - 11*r**2 - 59*r + 17. What is the remainder when d(15) is divided by -1 + 1*1*13?
8
Calculate the remainder when (1 + 141)*(-3 + 6)/6 is divided by 15.
11
Let n be (3 + -4)/((-2)/390). Let o be n/12 + (-2)/8. Let s = o - -107. Calculate the remainder when s is divided by 31.
30
Let j(h) = 10*h - 1. Suppose g - 18 = 3*g. Let c = 15 - g. What is the remainder when c is divided by j(1)?
6
Suppose 2*b + 16*b = 3888. What is the remainder when b is divided by 31?
30
Let w(o) = o + 110. What is the remainder when 260 is divided by w(17)?
6
Suppose 4*j - 137 + 50 = -p, -5*j + 2*p = -99. Let o be -2*(2 + (-28)/(-8)). Let l = o + j. What is the remainder when 29 is divided by l?
9
Let d = -219 + 301. Calculate the remainder when d is divided by 29.
24
Let o = 97 - 146. Let k = 77 + o. Calculate the remainder when 54 is divided by k.
26
Let l(x) = -x**3 - 20*x**2 - 24*x - 35. What is the remainder when l(-19) is divided by 7?
4
Let h = -437 - -446. What is the remainder when 510 is divided by h?
6
Suppose 0 = 3*w + 5*r - 289, -3*w = -2*w + 4*r - 87. Let c be -4 - (-3 - -1) - 24. Calculate the remainder when w is divided by (c/(-4))/(2/8).
25
Let r(i) = 108*i**3 + i**2 + i - 1. Let z be r(1). Suppose 0 = -17*c + 18*c - 154. Let p = c - z. Calculate the remainder when p is divided by 16.
13
Let d(x) = 3*x - 9. Suppose -5*a + 460 = -m + 4*m, 3*a - 2*m = 295. Calculate the remainder when a is divided by d(11).
23
Let w(t) = -5*t**3 - 10*t - 20. Calculate the remainder when w(-3) is divided by 34.
9
Suppose 25*l - 2313 = 412. Calculate the remainder when 189 is divided by l.
80
Let l = 23 - 15. Suppose 17 = l*g - 63. What is the remainder when 1/3 + 94/6 is divided by g?
6
Let c(y) = 2*y**2 - 2*y + 10. Suppose o + 5*p = -13, -3*p - 2 = 3*o - 11. Let q be c(o). Let k = q + -60. What is the remainder when k is divided by 12?
10
Suppose 5*j = v - 76, 4*v - 5*v + j = -64. Calculate the remainder when 121 is divided by v.
60
Let q = -58 - -60. Calculate the remainder when 29 is divided by q.
1
What is the remainder when 725 is divided by (-6*(-2)/(-10))/(6/(-260))?
49
Let w(h) = h**2 - 13*h - 317. Let q = 254 + -150. Calculate the remainder when q is divided by w(-13).
20
Let g(t) = 8*t**3 + 2*t**2 - t. Let a be g(1). Suppose 0*d - a = -d. Suppose 3 = 12*m - 57. Calculate the remainder when d is divided by m.
4
Let u = -358 + 368. What is the remainder when u is divided by 6?
4
Calculate the remainder when 87 is divided by (-242)/(-8) - (24/(-32) - -1).
27
Let k = 132 - 116. What is the remainder when 371/3 + (-28)/42 is divided by k?
11
Suppose -t + 17 = 12. Let l = t + 15. What is the remainder when l is divided by -1*11*-1 - 0?
9
Suppose y + 2*y + 3*l = 279, -l + 469 = 5*y. Suppose -4*n - 40 = -z, -3*z + 88 = -8*n + 4*n. Calculate the remainder when y is divided by z.
22
Suppose -5*b + 1872 = 2*s - 897, b - 4*s - 567 = 0. What is the remainder when b is divided by 140?
135
Let r(m) = -6*m**2 + 14*m - 24. Let t(c) = -7*c**2 + 13*c - 24. Let o(y) = -6*r(y) + 5*t(y). What is the remainder when (-1 + -1)*(-2 + -2) is divided by o(18)?
2
Suppose -4*n = -y - 2373, -23*y = -5*n - 20*y + 2975. Calculate the remainder when n is divided by 7.
4
Suppose 2*g + 922 = 5*i + 3230, -2*g + 8 = 0. Let h be i/(-45) - (-6)/(-27). Suppose -14*d = -h*d - 52. What is the remainder when d is divided by 8?
5
Let v(s) = -7*s + 45. Calculate the remainder when v(1) is divided by 7.
3
Suppose 0 = -3*f - c + 81, -4*f + 0*c - 2*c = -106. What is the remainder when ((-110)/(-4))/(1/2) is divided by f?
27
Suppose -6*y + 10*y - 3*p = 796, -3*p = 2*y - 416. Calculate the remainder when y is divided by 20.
2
Suppose -8*f = -59 + 3. What is the remainder when 23 is divided by f?
2
Suppose 0 = 6*n - 96 + 66. What is the remainder when 46 is divided by n?
1
Let y be 1*-6*(-5)/15. Suppose 3*w + y*w = j + 572, -4*j = -12. Calculate the remainder when w is divided by 29.
28
Suppose -4*u = -70 - 6. Suppose 3*x - 3*d + 6 = 39, 50 = 5*x - 4*d. Calculate the remainder when u + 1*(-1 + -1) is divided by x.
5
Let r(g) = -g**2 - 10*g - 15. Let o be r(-9). Calculate the remainder when 82 is divided by (5 + o + -5)*7/(-2).
19
What is the remainder when 99 is divided by (-30)/15 - (0 - 12)?
9
Suppose 0 = -g - 4*g + 15, -293 = -4*a + 5*g. Let j = 138 - 98. Suppose 0*z = -2*z + j. What is the remainder when a is divided by z?
17
Let g = 75 + -40. Suppose -28 = -4*s - 12. Suppose 8 = -s*p + 88. What is the remainder when g is divided by p?
15
Let t = -172 - -248. Calculate the remainder when t is divided by 23.
7
What is the remainder when (-7)/(12/21 + 139/(-231)) is divided by 78?
75
Suppose -24*z + 3*t + 27 = -21*z, -2*z - 5*t = -18. What is the remainder when 206 is divided by z?
8
Let z(b) = -5*b + 34. What is the remainder when 215 is divided by z(-4)?
53
Let k(m) = m**3 - 12*m**2 + 14. Let a be k(12). Suppose 5 = 5*j, 5*p - a - 9 = 2*j. Calculate the remainder when -4*(0 - p) + 3 is divided by 6.
5
Let a = -1621 + 1638. Calculate the remainder when 42 is divided by a.
8
Suppose 0 